{"id":149,"date":"2016-01-17T12:39:50","date_gmt":"2016-01-17T12:39:50","guid":{"rendered":"http:\/\/iict-space.heig-vd.ch\/nfi\/?page_id=149"},"modified":"2025-03-12T21:18:33","modified_gmt":"2025-03-12T21:18:33","slug":"publications","status":"publish","type":"page","link":"http:\/\/iict-space.heig-vd.ch\/nfi\/publications\/","title":{"rendered":"Publications"},"content":{"rendered":"<ul>\n<li>Bozorg, N. Fatemi, C. Meier, M. Rayati, L. Tomasini, \u201c<a href=\"_wp_link_placeholder\" data-wplink-edit=\"true\">Jumeau num\u00e9rique de r\u00e9seaux de distribution: Optimisation de l\u2019exploitation des donn\u00e9es de r\u00e9seaux<\/a>\u201d, Bulletin SEV\/VSE, Electrosuisse, February 2024.<\/li>\n<li>N. Fatemi, M. Bozorg, C. Meier, M. Rayati, \u201c<a href=\"https:\/\/iict-space.heig-vd.ch\/nfi\/haslerrealtimecontrolfinalreport\/\">Real-time stream processing applied to efficient control of distributed renewable energy sources in smart grids<\/a>\u201d, Hasler Foundation Project Report, October 2022.<\/li>\n<li>M. Bozorg, N.Fatemi, C. Pena, O. Mousavi, M. Carpita, &#8220;<a href=\"https:\/\/www.bulletin.ch\/fr\/news-detail\/lintelligence-artificielle-au-service-desreseaux.html\">L\u2019intelligence artificielle<\/a><br \/>\n<a href=\"https:\/\/www.bulletin.ch\/fr\/news-detail\/lintelligence-artificielle-au-service-desreseaux.html\">au service des r\u00e9seaux de distribution \u00e9l\u00e9ctrique<\/a>&#8220;, Bulletin SEV\/VSE, Electrosuisse, August 2020.<\/li>\n<li>N. Fatemi, F. Borran, \u201cEfficient and Scalable Near Duplicate Detection for Content-based Data-leakage Prevention using MapReduce\u201d, Hasler Foundation Project Report, November 2014.<\/li>\n<li>N. Fatemi, D. Grunenwald, F. Borran, Q. Ross\u00e9, A. Mihet, N. Zannini, \u201cEfficient Near Duplicate Detection&#8221;, RCSO-TIC project final report, University of Applied Sciences of Western Switzerland, May 2014.<\/li>\n<li>N. Fatemi, D. Rizzotti, L. Raileanu, F. Borran, &#8221; Thesauro: Thesaurus Automatic Reorganization\u201d, RCSO-TIC project final report, University of Applied Sciences of Western Switzerland, March 2013.<\/li>\n<li>N. Fatemi, L. Raileanu, O. Ertz, &#8220;Mobiwalk : A generic platform to provide multimedia-based services to the users on the move\u201d, RCSO-TIC project final report, University of Applied Sciences of Western Switzerland, June 2012.<\/li>\n<li>N. Fatemi, F. Poulin, L. Raileanu, A. Smeaton, \u201cUsing association rule mining to enrich semantic concepts for video retrieval\u201d, International Conference on Knowledge Discovery and Information Retrieval: KDIR\u201909, October 2009.<\/li>\n<li>F. Rahman, J. I. A. Siddiqi, N. Bindal, L. Raileanu, N. Fatemi \u201cMOSAICA: A Knowledge Portal for Cultural Heritages\u201d, IKE 2008: 423-427.<\/li>\n<li>N. Fatemi, L. Raileanu, F . Poulin, \u201cLS V AM: Part II \u201c, Internal Report IIC T &#8211; COM\/2007\/3, University of Applied Sciences of Western Switzerland, October 2007.<\/li>\n<li>N. Fatemi, \u201cMPEG-7 in practice: Analysis of a Television News Retrieval Application\u201d, Jounal of the American Society for Information Science and Technology, Volume 58, Issue 9, July 2007.<\/li>\n<li>N. Fatemi, L. Raileanu, F . Poulin, \u201cLS V AM: Large Scale Video Annotation Mining\u201d, Internal Report IIC T &#8211; COM\/2007\/2, University of Applied Sciences of Western Switzerland, July 2007.<\/li>\n<li>L. Raileanu, N. Fatemi, F. Poulin, \u201cMemoria-Mea Architecture White Paper\u201c, Internal Report, IICT- COM\/2007\/1, University of Applied Sciences of Western Switzerland, July 2007.<\/li>\n<li>N. Fatemi, \u201cAudiovisual querying and browsing based on the Semantic Views Model\u201d, Proceedings of SPIE, vol #6015, Multimedia Systems and Applications VIII, Boston, MA, October 2005.<\/li>\n<li>N. Fatemi, M. Lalmas and T. Roelleke, \u201cHow to retrieve multimedia documents described by MPEG- 7\u201d, to appear in a book on Semantic Web and Information Retrieval, eds., C.J. van Rijsbergen, I. Ounis, J. Jose and Y. Ding, 2004.<\/li>\n<li>N. Fatemi, \u201cA Semantic Views Model for audiovisual indexing and retrieval\u201d, PhD thesis, Swiss Federal Institute of Technology of Lausanne, Switzerland, March 2003.<\/li>\n<li>N. Fatemi, O. Abou Khaled, and G. Coray, \u201cAn XQuery adaptation for MPEG-7 documents retrieval\u201d, XML 2003, Philadelphia, US, December 2003.<\/li>\n<li>R. Schroeter, N. Fatemi, and O. Abou Khaled, \u201cUser oriented query language for MPEG-7 and MPEG- 7 API\u201d, Technical report, N\u00b0 IC\/2003\/54, Swiss Federal Institute of Technology of Lausanne, Lausanne, 2002.<\/li>\n<li>N. Fatemi and O . Aboukhaled, \u201cCOALA: Content Oriented Audiovisual Library Access\u201d, 8th International Conference on Multimedia Modeling (MMM\u20192001), Amsterdam, Netherlands, November, 2001.<\/li>\n<li>N. Fatemi and O. Abou Khaled, &#8220;Indexing and Retrieval of TV News Programs Based on MPEG-7&#8221;, in Proceedings of the IEEE International Conference on Consumer Electronics (ICCE&#8217;2001), Los Angles, CA, June 2001.<\/li>\n<li>A. Ballim, N. Fatemi, H. Ghorbel, and V. Pallotta, &#8220;A knowledge-based approach to semi-automatic annotation of multimedia documents via user adaption&#8221;, in Proceedings of the First EAGLES\/ISLE Workshop on Meta-Descriptions and Annotation Schemas for Multimodal\/Multimedia Language Resources (LREC 2000 Pre-Conference Workshop), Athens, Greece, May 2000.<\/li>\n<li>N. Fatemi, J. A. DeBlasio, and G. Amaudruz, &#8220;Adding closed-caption and subtitle to VideoText DS&#8221;, MPEG-7 contribution: m7092, Singapore, Mars 2001.<\/li>\n<li>N. Fatemi, J. A. DeBlasio, and G. Amaudruz, &#8220;Some Remarks and Propositions to the MDS CD Resulting from the Study of Archive Applications&#8221;, MPEG-7 contribution: m6696, Pisa, Italy, January 2001.<\/li>\n<li>N. Fatemi and P. Mulhem, &#8220;A Conceptual Graph Approach for Video Data Representation and Retrieval &#8220;, Lecture Notes in Computer Science #1642 , Proceedings of the third Symposium on Intelligent Data Analysis (IDA&#8217;99), Amsterdam, The Netherlands, August 1999.<\/li>\n<li>N. Fatemi and P. Mulhem, &#8220;A two-time Model for Video Content Representation and Retrieval&#8221;, in Proceedings of the 21st Colloquium on IR Research (IRSG&#8217;99), Glasgow, Scotland, May 1999.<\/li>\n<li>P. Mulhem and N. Fatemi, &#8220;A Description Scheme for Videos based on the Conceptual Graphs Formalism&#8221;, Proposition P633 for MPEG7 Description Scheme, Lancaster, UK, March 1999.<\/li>\n<li>N. Fatemi, &#8220;La mod\u00e9lisation temporelle d&#8217;un syst\u00e8me de recherche d&#8217;information vid\u00e9o&#8221;, Rapport MRIM (CLIPS\/IMAG), RAP98-002, Juin 1998.<\/li>\n<\/ul>\n","protected":false},"excerpt":{"rendered":"<p>Bozorg, N. Fatemi, C. Meier, M. Rayati, L. Tomasini, \u201cJumeau num\u00e9rique de r\u00e9seaux de distribution: Optimisation de l\u2019exploitation des donn\u00e9es de r\u00e9seaux\u201d, Bulletin SEV\/VSE, Electrosuisse, February 2024. N. Fatemi, M. Bozorg, C. Meier, M. Rayati, \u201cReal-time stream processing applied to <a class=\"more-link\" href=\"http:\/\/iict-space.heig-vd.ch\/nfi\/publications\/\">Continue reading <span class=\"screen-reader-text\">  Publications<\/span><span class=\"meta-nav\">&rarr;<\/span><\/a><\/p>\n","protected":false},"author":11,"featured_media":0,"parent":0,"menu_order":0,"comment_status":"closed","ping_status":"closed","template":"","meta":[],"_links":{"self":[{"href":"http:\/\/iict-space.heig-vd.ch\/nfi\/wp-json\/wp\/v2\/pages\/149"}],"collection":[{"href":"http:\/\/iict-space.heig-vd.ch\/nfi\/wp-json\/wp\/v2\/pages"}],"about":[{"href":"http:\/\/iict-space.heig-vd.ch\/nfi\/wp-json\/wp\/v2\/types\/page"}],"author":[{"embeddable":true,"href":"http:\/\/iict-space.heig-vd.ch\/nfi\/wp-json\/wp\/v2\/users\/11"}],"replies":[{"embeddable":true,"href":"http:\/\/iict-space.heig-vd.ch\/nfi\/wp-json\/wp\/v2\/comments?post=149"}],"version-history":[{"count":16,"href":"http:\/\/iict-space.heig-vd.ch\/nfi\/wp-json\/wp\/v2\/pages\/149\/revisions"}],"predecessor-version":[{"id":250,"href":"http:\/\/iict-space.heig-vd.ch\/nfi\/wp-json\/wp\/v2\/pages\/149\/revisions\/250"}],"wp:attachment":[{"href":"http:\/\/iict-space.heig-vd.ch\/nfi\/wp-json\/wp\/v2\/media?parent=149"}],"curies":[{"name":"wp","href":"https:\/\/api.w.org\/{rel}","templated":true}]}}