{"id":2,"date":"2014-08-13T14:01:35","date_gmt":"2014-08-13T14:01:35","guid":{"rendered":"http:\/\/iict-space.heig-vd.ch\/jre\/?page_id=2"},"modified":"2014-10-27T09:42:35","modified_gmt":"2014-10-27T09:42:35","slug":"sample-page","status":"publish","type":"page","link":"http:\/\/iict-space.heig-vd.ch\/jer\/","title":{"rendered":"Biographie"},"content":{"rendered":"<p>J\u00fcrgen Ehrensberger est professeur et directeur de l&#8217;institut IICT \u00e0 la HEIG-VD. D&#8217;origine allemande, il est Docteur \u00e8s sciences techniques (EPFL, 2001) et informaticien dipl\u00f4m\u00e9 univ. (Universit\u00e9 Erlangen, Allemagne, 1996). Il a \u00e9galement obtenu le titre d&#8217;Executive MBA en Entrepreneurship (HEC Uni Lausanne, EPFL et McCombs Business School, Austin, Texas) en 2007.<\/p>\n","protected":false},"excerpt":{"rendered":"<p>J\u00fcrgen Ehrensberger est professeur et directeur de l&#8217;institut IICT \u00e0 la HEIG-VD. D&#8217;origine allemande, il est Docteur \u00e8s sciences techniques (EPFL, 2001) et informaticien dipl\u00f4m\u00e9 univ. (Universit\u00e9 Erlangen, Allemagne, 1996). Il a \u00e9galement obtenu le titre d&#8217;Executive MBA en Entrepreneurship <a class=\"more-link\" href=\"http:\/\/iict-space.heig-vd.ch\/jer\/\">Continue reading <span class=\"screen-reader-text\">  Biographie<\/span><span class=\"meta-nav\">&rarr;<\/span><\/a><\/p>\n","protected":false},"author":1,"featured_media":0,"parent":0,"menu_order":0,"comment_status":"closed","ping_status":"closed","template":"","meta":[],"_links":{"self":[{"href":"http:\/\/iict-space.heig-vd.ch\/jer\/wp-json\/wp\/v2\/pages\/2"}],"collection":[{"href":"http:\/\/iict-space.heig-vd.ch\/jer\/wp-json\/wp\/v2\/pages"}],"about":[{"href":"http:\/\/iict-space.heig-vd.ch\/jer\/wp-json\/wp\/v2\/types\/page"}],"author":[{"embeddable":true,"href":"http:\/\/iict-space.heig-vd.ch\/jer\/wp-json\/wp\/v2\/users\/1"}],"replies":[{"embeddable":true,"href":"http:\/\/iict-space.heig-vd.ch\/jer\/wp-json\/wp\/v2\/comments?post=2"}],"version-history":[{"count":2,"href":"http:\/\/iict-space.heig-vd.ch\/jer\/wp-json\/wp\/v2\/pages\/2\/revisions"}],"predecessor-version":[{"id":5,"href":"http:\/\/iict-space.heig-vd.ch\/jer\/wp-json\/wp\/v2\/pages\/2\/revisions\/5"}],"wp:attachment":[{"href":"http:\/\/iict-space.heig-vd.ch\/jer\/wp-json\/wp\/v2\/media?parent=2"}],"curies":[{"name":"wp","href":"https:\/\/api.w.org\/{rel}","templated":true}]}}

<p>Jürgen Ehrensberger est professeur et directeur de l&#8217;institut IICT à la HEIG-VD. D&#8217;origine allemande, il est Docteur ès sciences techniques (EPFL, 2001) et informaticien diplômé univ. (Université Erlangen, Allemagne, 1996). Il a également obtenu le titre d&#8217;Executive MBA en Entrepreneurship (HEC Uni Lausanne, EPFL et McCombs Business School, Austin, Texas) en 2007.</p>

<p>Jürgen Ehrensberger est professeur et directeur de l&#8217;institut IICT à la HEIG-VD. D&#8217;origine allemande, il est Docteur ès sciences techniques (EPFL, 2001) et informaticien diplômé univ. (Université Erlangen, Allemagne, 1996). Il a également obtenu le titre d&#8217;Executive MBA en Entrepreneurship <a class="more-link" href="http://iict-space.heig-vd.ch/jer/">Continue reading <span class="screen-reader-text">  Biographie</span><span class="meta-nav">&rarr;</span></a></p>
