{"id":973,"date":"2018-09-10T11:33:29","date_gmt":"2018-09-10T09:33:29","guid":{"rendered":"http:\/\/iict-space.heig-vd.ch\/cpn\/?page_id=973"},"modified":"2018-10-05T16:35:14","modified_gmt":"2018-10-05T14:35:14","slug":"agricultural-applications","status":"publish","type":"page","link":"http:\/\/iict-space.heig-vd.ch\/cpn\/agricultural-applications\/","title":{"rendered":"Agricultural Applications"},"content":{"rendered":"<h2>Description<\/h2>\n<h2>Research projects<\/h2>\n<p><strong><b>GRANTS AND EXTERNAL FUNDING<\/b><\/strong><\/p>\n<ul>\n<li>Machine Learning Diagnostic Soil (MaLDiveS). 2018-2020 HES-SO funding.<\/li>\n<li>FishGuard<\/li>\n<\/ul>\n<h2>Media<\/h2>\n<h4>Gallery<\/h4>\n<p><iframe loading=\"lazy\" width=\"530\" height=\"398\" src=\"https:\/\/www.youtube.com\/embed\/_rkFncFLh0I?feature=oembed\" frameborder=\"0\" allow=\"autoplay; encrypted-media\" allowfullscreen><\/iframe><\/p>\n<h4>Tools<\/h4>\n<ul>\n<li>WeStBESel :Webserver for Sequential B-cell Epitope Selection (<a href=\"http:\/\/westbesel.iict.ch\/\">http:\/\/westbesel.iict.ch\/<\/a>)<\/li>\n<\/ul>\n<p><strong><b>Posters<\/b><\/strong><\/p>\n<ul>\n<li><a href=\"http:\/\/iict-space.heig-vd.ch\/cpn\/wp-content\/uploads\/sites\/19\/2018\/06\/Maldives_SIBdays20183.pdf\">Poster SIB Days 2018 : MaLDIveS : Machine Learning Diagnostic Soil<\/a><\/li>\n<li><a href=\"http:\/\/iict-space.heig-vd.ch\/cpn\/wp-content\/uploads\/sites\/19\/2018\/09\/FISHGUARD_MedTech_Village-2017_2.pdf\">FISHGUARD : un test de d\u00e9pistage rapide, \u00e9conomique ergonomique et r\u00e9alisable sur le terrain<\/a><\/li>\n<li><a href=\"http:\/\/iict-space.heig-vd.ch\/cpn\/wp-content\/uploads\/sites\/19\/2018\/09\/Poster_FishGuard_InnovationSante-2015_V2_A0.pdf\">FISHGUARD: fast, cost-effective and in-field screening test<\/a><\/li>\n<li><a href=\"http:\/\/iict-space.heig-vd.ch\/cpn\/wp-content\/uploads\/sites\/19\/2018\/09\/SwissMedtechDay_FishGuard-2017_2.pdf\">FISHGUARD : a fast, cost-effective, user-friendly and in-field screening test<\/a><\/li>\n<li><a href=\"http:\/\/iict-space.heig-vd.ch\/cpn\/wp-content\/uploads\/sites\/19\/2016\/07\/ANeves_CPena_BC2_2015.pdf\">FISHGUARD: a fast, cost-effective, user-friendly and in-field screening test<\/a><\/li>\n<\/ul>\n<h2>Student Projects Supervised<\/h2>\n<h4>Master Theses and Bachelor projects<\/h4>\n<ul>\n<li style=\"list-style-type: none\">\n<ul>\n<li><span lang=\"en-US\">Improving the productivity of tropical crops by means of machine learning: the case of maize in Mexico. Michael Caraccio , HES-SO, 2018, In collaboration with <\/span><span lang=\"en-US\">CIAT &#8211; International Center for Tropical Agriculture, Cali, Colombia<\/span><\/li>\n<li><span lang=\"en-US\">Analyse des relations entre les conditions de culture et la qualit\u00e9 des caf\u00e9s du d\u00e9partement de Risaralda en Colombie (Analysis of the relationship between culture conditions and coffee quality in the Risaralda department in Colombia), Thibault Schowing, HEIG-VD, 2017, In collaboration with <\/span><span lang=\"en-US\">CIAT &#8211; International Center for Tropical Agriculture, Cali, Colombia.<\/span><\/li>\n<li><span lang=\"en-US\">Producing more and better tropical crops by means of bio-inspired models. Alexandre Grillon. HEIG-VD, 2014. In collaboration with CIAT &#8211; International Center for Tropical Agriculture, Cali, Colombia.<\/span><\/li>\n<li><span lang=\"en-US\">100% Colombian Coffee: Analyse de donn\u00e9es de r\u00e9sonance magn\u00e9tique nucl\u00e9aire pour d\u00e9termination d&#8217;origine de caf\u00e9 colombien (100% Colombian Coffee: Analysis of nuclear magnetic resonance data for origin control of Colombian coffee), Yannick M\u00fcller, HEIG-VD, 2013. In collaboration with University del Valle, Cali, Colombia.<\/span><\/li>\n<li>Gestion et optimisation des plans de rotation pour la production de l\u00e9gumes (System for managing and optimising vegetable crop rotation plans), Thomas Jordan, HES-SO, 2012<\/li>\n<\/ul>\n<\/li>\n<\/ul>\n","protected":false},"excerpt":{"rendered":"<p>Description Research projects GRANTS AND EXTERNAL FUNDING Machine Learning Diagnostic Soil (MaLDiveS). 2018-2020 HES-SO funding. FishGuard Media Gallery Tools WeStBESel :Webserver for Sequential B-cell Epitope Selection (http:\/\/westbesel.iict.ch\/) Posters Poster SIB Days 2018 : MaLDIveS : Machine Learning Diagnostic Soil FISHGUARD <a class=\"more-link\" href=\"http:\/\/iict-space.heig-vd.ch\/cpn\/agricultural-applications\/\">Continue reading <span class=\"screen-reader-text\">  Agricultural Applications<\/span><span class=\"meta-nav\">&rarr;<\/span><\/a><\/p>\n","protected":false},"author":13,"featured_media":0,"parent":0,"menu_order":0,"comment_status":"closed","ping_status":"closed","template":"page-disable-sidebar.php","meta":[],"_links":{"self":[{"href":"http:\/\/iict-space.heig-vd.ch\/cpn\/wp-json\/wp\/v2\/pages\/973"}],"collection":[{"href":"http:\/\/iict-space.heig-vd.ch\/cpn\/wp-json\/wp\/v2\/pages"}],"about":[{"href":"http:\/\/iict-space.heig-vd.ch\/cpn\/wp-json\/wp\/v2\/types\/page"}],"author":[{"embeddable":true,"href":"http:\/\/iict-space.heig-vd.ch\/cpn\/wp-json\/wp\/v2\/users\/13"}],"replies":[{"embeddable":true,"href":"http:\/\/iict-space.heig-vd.ch\/cpn\/wp-json\/wp\/v2\/comments?post=973"}],"version-history":[{"count":11,"href":"http:\/\/iict-space.heig-vd.ch\/cpn\/wp-json\/wp\/v2\/pages\/973\/revisions"}],"predecessor-version":[{"id":1148,"href":"http:\/\/iict-space.heig-vd.ch\/cpn\/wp-json\/wp\/v2\/pages\/973\/revisions\/1148"}],"wp:attachment":[{"href":"http:\/\/iict-space.heig-vd.ch\/cpn\/wp-json\/wp\/v2\/media?parent=973"}],"curies":[{"name":"wp","href":"https:\/\/api.w.org\/{rel}","templated":true}]}}