{"id":26,"date":"2014-09-25T09:51:42","date_gmt":"2014-09-25T09:51:42","guid":{"rendered":"http:\/\/iict-space.heig-vd.ch\/svr\/?page_id=26"},"modified":"2014-09-25T13:14:00","modified_gmt":"2014-09-25T13:14:00","slug":"materiel-reseaux","status":"publish","type":"page","link":"http:\/\/iict-space.heig-vd.ch\/ars\/teaching\/materiel-reseaux\/","title":{"rendered":"Mat\u00e9riel r\u00e9seaux"},"content":{"rendered":"<header class=\"entry-header\" style=\"color: #373737\">\n<h1 class=\"entry-title\" style=\"font-weight: bold;color: #000000\">News<\/h1>\n<\/header>\n<div class=\"entry-content\" style=\"color: #373737\">\n<p>Image VMWare pour les laboratoires disponible sur \\\\eistore1\\cours\\iict\\MAR\\Ubuntu_Labo_MAR.zip<\/p>\n<h1 style=\"font-weight: bold;color: #000000\">Support de cours<\/h1>\n<p><a style=\"color: #1982d1\" href=\"http:\/\/rubinstein.me\/wp-content\/uploads\/2013\/02\/Support-MAR.pdf\" target=\"_blank\">Download support complet<\/a>\u00a0: Version 1.0, novembre 2005 (PDF, 250 pages, 3 MB)<\/p>\n<h1 style=\"font-weight: bold;color: #000000\">Transparents<\/h1>\n<ul>\n<li>Chapitre 0 :\u00a0<a style=\"color: #1982d1\" href=\"http:\/\/rubinstein.me\/wp-content\/uploads\/2013\/02\/0-Preface1.pdf\" target=\"_blank\">Preface<\/a><\/li>\n<li>Chapitre 1 :\u00a0<a style=\"color: #1982d1\" href=\"http:\/\/rubinstein.me\/wp-content\/uploads\/2013\/02\/1-Introduction_FEE.pdf\" target=\"_blank\">Introduction<\/a><\/li>\n<li>Chapitre 2 :\u00a0<a style=\"color: #1982d1\" href=\"http:\/\/rubinstein.me\/wp-content\/uploads\/2013\/02\/2-Developpement_FEE.pdf\" target=\"_blank\">M\u00e9thodologie de d\u00e9veloppement<\/a><\/li>\n<li>Chapitre 3 :\u00a0<a style=\"color: #1982d1\" href=\"http:\/\/rubinstein.me\/wp-content\/uploads\/2013\/02\/3-Linux-embarque_FEE.pdf\" target=\"_blank\">Linux embarqu\u00e9<\/a><\/li>\n<li>Chapitre 4 :\u00a0<a style=\"color: #1982d1\" href=\"http:\/\/rubinstein.me\/wp-content\/uploads\/2013\/02\/4-Dispositifs-de-reseau1.pdf\" target=\"_blank\">Dispositifs de r\u00e9seau<\/a><\/li>\n<li>Chapitre 5 :\u00a0<a style=\"color: #1982d1\" href=\"http:\/\/rubinstein.me\/wp-content\/uploads\/2013\/02\/5-Mat%C3%A9riel.pdf\" target=\"_blank\">Mat\u00e9riel de syst\u00e8mes embarqu\u00e9s<\/a><\/li>\n<\/ul>\n<h1 style=\"font-weight: bold;color: #000000\">Laboratoires<\/h1>\n<p>Le module comprend des s\u00e9ances de laboratoires. Les premiers laboratoires traitent l\u2019utilisation de Linux de base et avanc\u00e9. Les s\u00e9ances restantes seront utilis\u00e9es pour le d\u00e9veloppement d\u2019un syst\u00e8me Linux embarqu\u00e9. Les rapports des laboratoires sont \u00e0 envoyer en format PDF sur le compte e-mail du charg\u00e9 de cours. Vous devez l\u2019envoyer AVANT le d\u00e9but du laboratoire suivant.<\/p>\n<\/div>\n","protected":false},"excerpt":{"rendered":"<p>News Image VMWare pour les laboratoires disponible sur \\\\eistore1\\cours\\iict\\MAR\\Ubuntu_Labo_MAR.zip Support de cours Download support complet\u00a0: Version 1.0, novembre 2005 (PDF, 250 pages, 3 MB) Transparents Chapitre 0 :\u00a0Preface Chapitre 1 :\u00a0Introduction Chapitre 2 :\u00a0M\u00e9thodologie de d\u00e9veloppement Chapitre 3 :\u00a0Linux embarqu\u00e9 <a class=\"more-link\" href=\"http:\/\/iict-space.heig-vd.ch\/ars\/teaching\/materiel-reseaux\/\">Continue reading <span class=\"screen-reader-text\">  Mat\u00e9riel r\u00e9seaux<\/span><span class=\"meta-nav\">&rarr;<\/span><\/a><\/p>\n","protected":false},"author":3,"featured_media":0,"parent":22,"menu_order":0,"comment_status":"open","ping_status":"open","template":"","meta":[],"_links":{"self":[{"href":"http:\/\/iict-space.heig-vd.ch\/ars\/wp-json\/wp\/v2\/pages\/26"}],"collection":[{"href":"http:\/\/iict-space.heig-vd.ch\/ars\/wp-json\/wp\/v2\/pages"}],"about":[{"href":"http:\/\/iict-space.heig-vd.ch\/ars\/wp-json\/wp\/v2\/types\/page"}],"author":[{"embeddable":true,"href":"http:\/\/iict-space.heig-vd.ch\/ars\/wp-json\/wp\/v2\/users\/3"}],"replies":[{"embeddable":true,"href":"http:\/\/iict-space.heig-vd.ch\/ars\/wp-json\/wp\/v2\/comments?post=26"}],"version-history":[{"count":2,"href":"http:\/\/iict-space.heig-vd.ch\/ars\/wp-json\/wp\/v2\/pages\/26\/revisions"}],"predecessor-version":[{"id":37,"href":"http:\/\/iict-space.heig-vd.ch\/ars\/wp-json\/wp\/v2\/pages\/26\/revisions\/37"}],"up":[{"embeddable":true,"href":"http:\/\/iict-space.heig-vd.ch\/ars\/wp-json\/wp\/v2\/pages\/22"}],"wp:attachment":[{"href":"http:\/\/iict-space.heig-vd.ch\/ars\/wp-json\/wp\/v2\/media?parent=26"}],"curies":[{"name":"wp","href":"https:\/\/api.w.org\/{rel}","templated":true}]}}